{"id":572,"date":"2012-02-01T18:13:00","date_gmt":"2012-02-01T17:13:00","guid":{"rendered":"\/?page_id=572"},"modified":"2019-02-07T17:59:16","modified_gmt":"2019-02-07T16:59:16","slug":"osobni-prace","status":"publish","type":"page","link":"http:\/\/parkpravikov.cz\/en\/knihovna\/novy-humanismus\/osobni-prace\/","title":{"rendered":"Osobn\u00ed pr\u00e1ce"},"content":{"rendered":"<p>Str\u00e1nka se p\u0159ipravuje.<\/p>","protected":false},"excerpt":{"rendered":"<p>Str\u00e1nka se p\u0159ipravuje.<\/p>","protected":false},"author":1,"featured_media":0,"parent":570,"menu_order":0,"comment_status":"closed","ping_status":"closed","template":"sidebar-left-page.php","meta":[],"_links":{"self":[{"href":"http:\/\/parkpravikov.cz\/en\/wp-json\/wp\/v2\/pages\/572"}],"collection":[{"href":"http:\/\/parkpravikov.cz\/en\/wp-json\/wp\/v2\/pages"}],"about":[{"href":"http:\/\/parkpravikov.cz\/en\/wp-json\/wp\/v2\/types\/page"}],"author":[{"embeddable":true,"href":"http:\/\/parkpravikov.cz\/en\/wp-json\/wp\/v2\/users\/1"}],"replies":[{"embeddable":true,"href":"http:\/\/parkpravikov.cz\/en\/wp-json\/wp\/v2\/comments?post=572"}],"version-history":[{"count":2,"href":"http:\/\/parkpravikov.cz\/en\/wp-json\/wp\/v2\/pages\/572\/revisions"}],"predecessor-version":[{"id":2412,"href":"http:\/\/parkpravikov.cz\/en\/wp-json\/wp\/v2\/pages\/572\/revisions\/2412"}],"up":[{"embeddable":true,"href":"http:\/\/parkpravikov.cz\/en\/wp-json\/wp\/v2\/pages\/570"}],"wp:attachment":[{"href":"http:\/\/parkpravikov.cz\/en\/wp-json\/wp\/v2\/media?parent=572"}],"curies":[{"name":"wp","href":"https:\/\/api.w.org\/{rel}","templated":true}]}}

Osobní práce

<p>Stránka se připravuje.</p>
