{"id":566,"date":"2012-02-01T18:10:24","date_gmt":"2012-02-01T17:10:24","guid":{"rendered":"\/?page_id=566"},"modified":"2020-07-02T17:14:09","modified_gmt":"2020-07-02T15:14:09","slug":"prace-s-ohnem","status":"publish","type":"page","link":"http:\/\/parkpravikov.cz\/en\/knihovna\/centrum-studii\/prace-s-ohnem\/","title":{"rendered":"Ob\u0159ad ohn\u011b"},"content":{"rendered":"<p>Historie ohn\u011b je pevn\u011b spjata s histori\u00ed a rozvojem \u010dlov\u011bka, s duchovnost\u00ed, p\u0159edstavou vesm\u00edru, s psychologi\u00ed i se spole\u010densk\u00fdm a technologick\u00fdm v\u00fdvojem. Jeho intuice i pozorov\u00e1n\u00ed, pr\u00e1ce trvaj\u00edc\u00ed tis\u00edce let, to v\u0161e co vedlo k t\u011bm nejd\u016fle\u017eit\u011bj\u0161\u00edm pokrok\u016fm \u2013 od uchov\u00e1n\u00ed ohn\u011b a\u017e po jeho vytv\u00e1\u0159en\u00ed, pozn\u00e1v\u00e1n\u00ed jak zvy\u0161ovat teplotu d\u00edky pec\u00edm a jeho pou\u017eit\u00ed k v\u00fdrob\u011b r\u016fzn\u00fdch p\u0159edm\u011bt\u016f\u2026to nejsou jen vn\u011bj\u0161\u00ed miln\u00edky, jsou to projevy vnit\u0159n\u00edch proces\u016f, vztah\u016f a nov\u00fdch pochopen\u00ed uvnit\u0159 \u010dlov\u011bka. Pr\u00e1ce s ohn\u011bm, pecemi, pr\u00e1ce spojen\u00e9 s p\u0159em\u011bnou hmoty jsou zp\u016fsobem, jak se p\u0159ibl\u00ed\u017eit tomuto historick\u00e9mu procesu.<\/p>\n<table class=\"tabknihovna\" border=\"0\">\n<tbody>\n<tr>\n<th>n\u00e1zev<\/th>\n<th>verze<\/th>\n<th>typ<\/th>\n<th>odkaz<\/th>\n<\/tr>\n<tr>\n<td rowspan=\"3\"><strong>\u201eOb\u0159ad Ohn\u011b\u201c<\/strong><strong><\/strong><strong><\/strong><strong><\/strong><strong><\/strong><strong><\/strong>Pr\u00e1ce s ohn\u011bm, pr\u00e1ce v \u0159emesln\u00fdch d\u00edln\u00e1ch<\/td>\n<td><\/td>\n<td><\/td>\n<td><\/td>\n<\/tr>\n<tr>\n<td>video<\/td>\n<td>stream<\/td>\n<td><a href=\"http:\/\/www.youtube.com\/watch?v=Mmmed8tc0VQ\" target=\"_blank\">p\u0159ehrat na youtube<\/a><\/td>\n<\/tr>\n<tr>\n<td>video<\/td>\n<td>wmv<\/td>\n<td><a href=\"https:\/\/drive.google.com\/file\/d\/1DMaqI4exMNp15Y2uMsoTJ7f4GA6EyP0C\/view?usp=sharing\">st\u00e1hnout<\/a><\/td>\n<\/tr>\n<\/tbody>\n<\/table>","protected":false},"excerpt":{"rendered":"<p>Historie ohn\u011b je pevn\u011b spjata s histori\u00ed a rozvojem \u010dlov\u011bka, s duchovnost\u00ed, p\u0159edstavou vesm\u00edru, s psychologi\u00ed i se spole\u010densk\u00fdm a technologick\u00fdm v\u00fdvojem. Jeho intuice i pozorov\u00e1n\u00ed, pr\u00e1ce trvaj\u00edc\u00ed tis\u00edce let, to v\u0161e co vedlo k t\u011bm nejd\u016fle\u017eit\u011bj\u0161\u00edm pokrok\u016fm \u2013 od uchov\u00e1n\u00ed ohn\u011b a\u017e po jeho vytv\u00e1\u0159en\u00ed, pozn\u00e1v\u00e1n\u00ed jak zvy\u0161ovat teplotu d\u00edky pec\u00edm a jeho pou\u017eit\u00ed [&hellip;]<\/p>","protected":false},"author":1,"featured_media":0,"parent":548,"menu_order":0,"comment_status":"closed","ping_status":"closed","template":"sidebar-left-page.php","meta":[],"_links":{"self":[{"href":"http:\/\/parkpravikov.cz\/en\/wp-json\/wp\/v2\/pages\/566"}],"collection":[{"href":"http:\/\/parkpravikov.cz\/en\/wp-json\/wp\/v2\/pages"}],"about":[{"href":"http:\/\/parkpravikov.cz\/en\/wp-json\/wp\/v2\/types\/page"}],"author":[{"embeddable":true,"href":"http:\/\/parkpravikov.cz\/en\/wp-json\/wp\/v2\/users\/1"}],"replies":[{"embeddable":true,"href":"http:\/\/parkpravikov.cz\/en\/wp-json\/wp\/v2\/comments?post=566"}],"version-history":[{"count":22,"href":"http:\/\/parkpravikov.cz\/en\/wp-json\/wp\/v2\/pages\/566\/revisions"}],"predecessor-version":[{"id":981,"href":"http:\/\/parkpravikov.cz\/en\/wp-json\/wp\/v2\/pages\/566\/revisions\/981"}],"up":[{"embeddable":true,"href":"http:\/\/parkpravikov.cz\/en\/wp-json\/wp\/v2\/pages\/548"}],"wp:attachment":[{"href":"http:\/\/parkpravikov.cz\/en\/wp-json\/wp\/v2\/media?parent=566"}],"curies":[{"name":"wp","href":"https:\/\/api.w.org\/{rel}","templated":true}]}}

Obřad ohně

<p>Historie ohně je pevně spjata s historií a rozvojem člověka, s duchovností, představou vesmíru, s psychologií i se společenským a technologickým vývojem. Jeho intuice i pozorování, práce trvající tisíce let, to vše co vedlo k těm nejdůležitějším pokrokům – od uchování ohně až po jeho vytváření, poznávání jak zvyšovat teplotu díky pecím a jeho použití k výrobě různých předmětů…to nejsou jen vnější milníky, jsou to projevy vnitřních procesů, vztahů a nových pochopení uvnitř člověka. Práce s ohněm, pecemi, práce spojené s přeměnou hmoty jsou způsobem, jak se přiblížit tomuto historickému procesu.</p>
<table class="tabknihovna" border="0">
<tbody>
<tr>
<th>název</th>
<th>verze</th>
<th>typ</th>
<th>odkaz</th>
</tr>
<tr>
<td rowspan="3"><strong>„Obřad Ohně“</strong><strong></strong><strong></strong><strong></strong><strong></strong><strong></strong>Práce s ohněm, práce v řemeslných dílnách</td>
<td></td>
<td></td>
<td></td>
</tr>
<tr>
<td>video</td>
<td>stream</td>
<td><a href="http://www.youtube.com/watch?v=Mmmed8tc0VQ" target="_blank">přehrat na youtube</a></td>
</tr>
<tr>
<td>video</td>
<td>wmv</td>
<td><a href="https://drive.google.com/file/d/1DMaqI4exMNp15Y2uMsoTJ7f4GA6EyP0C/view?usp=sharing">stáhnout</a></td>
</tr>
</tbody>
</table>

<p>Historie ohně je pevně spjata s historií a rozvojem člověka, s duchovností, představou vesmíru, s psychologií i se společenským a technologickým vývojem. Jeho intuice i pozorování, práce trvající tisíce let, to vše co vedlo k těm nejdůležitějším pokrokům – od uchování ohně až po jeho vytváření, poznávání jak zvyšovat teplotu díky pecím a jeho použití [&hellip;]</p>
