{"id":474,"date":"2012-01-17T04:21:59","date_gmt":"2012-01-17T03:21:59","guid":{"rendered":"\/wp-content\/uploads\/2012\/01\/picka.jpg"},"modified":"2012-01-17T04:21:59","modified_gmt":"2012-01-17T03:21:59","slug":"picka","status":"inherit","type":"attachment","link":"http:\/\/parkpravikov.cz\/en\/obrad-ohne-prace-s-ohnem-prace-v-remeslnych-dilnach\/picka\/","title":{"rendered":"P\u00edcka z hl\u00edny pro p\u0159enos ohn\u011b"},"author":23,"comment_status":"closed","ping_status":"closed","template":"","meta":[],"description":{"rendered":"<p class=\"attachment\"><a href='http:\/\/parkpravikov.cz\/wp-content\/uploads\/2012\/01\/picka.jpg'><img width=\"300\" height=\"225\" src=\"http:\/\/parkpravikov.cz\/wp-content\/uploads\/2012\/01\/picka-300x225.jpg\" class=\"attachment-medium size-medium\" alt=\"\" loading=\"lazy\" srcset=\"http:\/\/parkpravikov.cz\/wp-content\/uploads\/2012\/01\/picka-300x225.jpg 300w, http:\/\/parkpravikov.cz\/wp-content\/uploads\/2012\/01\/picka-768x576.jpg 768w, http:\/\/parkpravikov.cz\/wp-content\/uploads\/2012\/01\/picka.jpg 800w\" sizes=\"(max-width: 300px) 100vw, 300px\" \/><\/a><\/p>\n"},"caption":{"rendered":""},"alt_text":"","media_type":"image","mime_type":"image\/jpeg","media_details":{"width":800,"height":600,"file":"2012\/01\/picka.jpg","sizes":{"medium":{"file":"picka-300x225.jpg","width":300,"height":225,"mime_type":"image\/jpeg","source_url":"http:\/\/parkpravikov.cz\/wp-content\/uploads\/2012\/01\/picka-300x225.jpg"},"thumbnail":{"file":"picka-150x150.jpg","width":150,"height":150,"mime_type":"image\/jpeg","source_url":"http:\/\/parkpravikov.cz\/wp-content\/uploads\/2012\/01\/picka-150x150.jpg"},"medium_large":{"file":"picka-768x576.jpg","width":768,"height":576,"mime_type":"image\/jpeg","source_url":"http:\/\/parkpravikov.cz\/wp-content\/uploads\/2012\/01\/picka-768x576.jpg"},"full":{"file":"picka.jpg","width":800,"height":600,"mime_type":"image\/jpeg","source_url":"http:\/\/parkpravikov.cz\/wp-content\/uploads\/2012\/01\/picka.jpg"}},"image_meta":{"aperture":"0","credit":"","camera":"","caption":"","created_timestamp":"0","copyright":"","focal_length":"0","iso":"0","shutter_speed":"0","title":"","orientation":"0","keywords":[]}},"post":440,"source_url":"http:\/\/parkpravikov.cz\/wp-content\/uploads\/2012\/01\/picka.jpg","_links":{"self":[{"href":"http:\/\/parkpravikov.cz\/en\/wp-json\/wp\/v2\/media\/474"}],"collection":[{"href":"http:\/\/parkpravikov.cz\/en\/wp-json\/wp\/v2\/media"}],"about":[{"href":"http:\/\/parkpravikov.cz\/en\/wp-json\/wp\/v2\/types\/attachment"}],"author":[{"embeddable":true,"href":"http:\/\/parkpravikov.cz\/en\/wp-json\/wp\/v2\/users\/23"}],"replies":[{"embeddable":true,"href":"http:\/\/parkpravikov.cz\/en\/wp-json\/wp\/v2\/comments?post=474"}]}}

Pícka z hlíny pro přenos ohně
